actors of 1039.
1039
What are the prime factors of 1062?
2, 3, 59
What are the prime factors of 8678?
2, 4339
List the prime factors of 17985.
3, 5, 11, 109
List the prime factors of 2603.
19, 137
List the prime factors of 830.
2, 5, 83
What are the prime factors of 4096?
2
What are the prime factors of 928?
2, 29
List the prime factors of 668.
2, 167
List the prime factors of 3890.
2, 5, 389
List the prime factors of 30679.
11, 2789
What are the prime factors of 8884?
2, 2221
What are the prime factors of 74?
2, 37
List the prime factors of 75993.
3, 73, 347
What are the prime factors of 19961?
19961
What are the prime factors of 447?
3, 149
What are the prime factors of 8357?
61, 137
List the prime factors of 495.
3, 5, 11
What are the prime factors of 30331?
7, 619
List the prime factors of 59424.
2, 3, 619
What are the prime factors of 267?
3, 89
What are the prime factors of 1223?
1223
What are the prime factors of 2862?
2, 3, 53
List the prime factors of 1767.
3, 19, 31
List the prime factors of 4028.
2, 19, 53
List the prime factors of 1595.
5, 11, 29
What are the prime factors of 5340?
2, 3, 5, 89
What are the prime factors of 1153?
1153
What are the prime factors of 2420?
2, 5, 11
List the prime factors of 110165.
5, 11, 2003
List the prime factors of 2592.
2, 3
What are the prime factors of 572?
2, 11, 13
List the prime factors of 2047.
23, 89
List the prime factors of 36627.
3, 29, 421
What are the prime factors of 62569?
13, 4813
What are the prime factors of 3294?
2, 3, 61
List the prime factors of 46453.
11, 41, 103
List the prime factors of 4864.
2, 19
What are the prime factors of 47?
47
List the prime factors of 4790.
2, 5, 479
What are the prime factors of 17909?
17909
List the prime factors of 24055.
5, 17, 283
What are the prime factors of 525?
3, 5, 7
What are the prime factors of 381?
3, 127
List the prime factors of 1519.
7, 31
List the prime factors of 1195.
5, 239
What are the prime factors of 19839?
3, 17, 389
List the prime factors of 424.
2, 53
What are the prime factors of 3592?
2, 449
List the prime factors of 27072.
2, 3, 47
List the prime factors of 1886.
2, 23, 41
List the prime factors of 12344.
2, 1543
What are the prime factors of 7539?
3, 7, 359
List the prime factors of 63052.
2, 11, 1433
What are the prime factors of 15652?
2, 7, 13, 43
What are the prime factors of 1197?
3, 7, 19
What are the prime factors of 6840?
2, 3, 5, 19
What are the prime factors of 429?
3, 11, 13
What are the prime factors of 4188?
2, 3, 349
List the prime factors of 10089.
3, 19, 59
What are the prime factors of 126464?
2, 13, 19
What are the prime factors of 11017?
23, 479
What are the prime factors of 15222?
2, 3, 43, 59
What are the prime factors of 759?
3, 11, 23
What are the prime factors of 7559?
7559
List the prime factors of 565.
5, 113
List the prime factors of 1849.
43
What are the prime factors of 34227?
3, 3803
What are the prime factors of 4659?
3, 1553
What are the prime factors of 25446?
2, 3, 4241
List the prime factors of 94.
2, 47
What are the prime factors of 71449?
7, 59, 173
What are the prime factors of 2725?
5, 109
What are the prime factors of 1210?
2, 5, 11
What are the prime factors of 1679?
23, 73
What are the prime factors of 432?
2, 3
What are the prime factors of 680?
2, 5, 17
What are the prime factors of 4042?
2, 43, 47
List the prime factors of 10572.
2, 3, 881
List the prime factors of 5170.
2, 5, 11, 47
What are the prime factors of 4261?
4261
What are the prime factors of 46027?
46027
List the prime factors of 17662.
2, 8831
What are the prime factors of 2847?
3, 13, 73
List the prime factors of 80179.
11, 37, 197
List the prime factors of 65.
5, 13
What are the prime factors of 21930?
2, 3, 5, 17, 43
List the prime factors of 7086.
2, 3, 1181
What are the prime factors of 767?
13, 59
List the prime factors of 159.
3, 53
What are the prime factors of 42356?
2, 10589
What are the prime factors of 81074?
2, 7, 5791
What are the prime factors of 874?
2, 19, 23
What are the prime factors of 4121?
13, 317
List the prime factors of 356.
2, 89
List the prime factors of 27409.
27409
List the prime factors of 117008.
2, 71, 103
List the prime factors of 7435.
5, 1487
What are the prime factors of 1592?
2, 199
What are the prime factors of 2291?
29, 79
List the prime factors of 30559.
30559
List the prime factors of 8382.
2, 3, 11, 127
What are the prime factors of 188?
2, 47
List the prime factors of 18114.
2, 3, 3019
What are the prime factors of 43?
43
What are the prime factors of 1127?
7, 23
What are the prime factors of 129917?
129917
What are the prime factors of 1230?
2, 3, 5, 41
List the prime factors of 205.
5, 41
List the prime factors of 9213.
3, 37, 83
What are the prime factors of 2125?
5, 17
List the prime factors of 3658.
2, 31, 59
List the prime factors of 6517.
7, 19
What are the prime factors of 3028?
2, 757
List the prime factors of 1006.
2, 503
List the prime factors of 57403.
137, 419
What are the prime factors of 3656?
2, 457
List the prime factors of 7197.
3, 2399
List the prime factors of 4159.
4159
What are the prime factors of 170?
2, 5, 17
List the prime factors of 1080.
2, 3, 5
List the prime factors of 146470.
2, 5, 97, 151
List the prime factors of 3373.
3373
What are the prime factors of 14295?
3, 5, 953
What are the prime factors of 7945?
5, 7, 227
What are the prime factors of 268?
2, 67
List the prime factors of 62036.
2, 13, 1193
What are the prime factors of 4764?
2, 3, 397
List the prime factors of 100196.
2, 37, 677
What are the prime factors of 69330?
2, 3, 5, 2311
What are the prime factors of 3417?
3, 17, 67
What are the prime factors of 16374?
2, 3, 2729
What are the prime factors of 495?
3, 5, 11
List the prime factors of 31869.
3, 3541
What are the prime factors of 52225?
5, 2089
What are the prime factors of 1217?
1217
What are the prime factors of 96387?
3, 19, 89
List the prime factors of 167.
167
What are the prime factors of 1948?
2, 487
List the prime factors of 6693.
3, 23, 97
What are the prime factors of 13130?
2, 5, 13, 101
List the prime factors of 7288.
2, 911
What are the prime factors of 992?
2, 31
List the prime factors of 4986.
2, 3, 277
List the prime factors of 13145.
5, 11, 239
List the prime factors of 1089.
3, 11
What are the prime factors of 39626?
2, 19813
List the prime factors of 8815.
5, 41, 43
What are the prime factors of 329?
7, 47
List the prime factors of 681.
3, 227
List the prime factors of 38635.
5, 7727
What are the prime factors of 2550?
2, 3, 5, 17
What are the prime factors of 727?
727
List the prime factors of 432.
2, 3
What are the prime factors of 79520?
2, 5, 7, 71
List the prime factors of 691.
691
What are the prime factors of 600?
2, 3, 5
What are the prime factors of 2457?
3, 7, 13
List the prime factors of 28207.
67, 421
List the prime factors of 1071.
3, 7, 17
List the prime factors of 1118.
2, 13, 43
List the prime factors of 358.
2, 179
What are the prime factors of 19040?
2, 5, 7, 17
List the prime factors of 1099.
7, 157
What are the prime factors of 5454?
2, 3, 101
List the prime factors of 5146.
2, 31, 83
What are the prime factors of 6218?
2, 3109
List the prime factors of 8641.
8641
What are the prime factors of 145?
5, 29
What are the prime factors of 19311?
3, 41, 157
What are the prime factors of 91838?
2, 47, 977
What are the prime factors of 19805?
5, 17, 233
What are the prime factors of 13393?
59, 227
List the prime factors of 449.
449
List the prime factors of 4119.
3, 1373
What are the prime factors of 45037?
29, 1553
What are the prime factors of 529?
23
What are the prime factors of 2834?
2, 13, 109
List the prime factors of 964.
2, 241
What are the prime factors of 24125?
5, 193
What are the prime factors of 1863?
3, 23
List the prime factors of 3191.
3191
List the prime factors of 2109.
3, 19, 37
What are the prime factors of 53561?
19, 2819
What are the prime factors of 3563?
7, 509
What are the prime factors of 19560?
2, 3, 5, 163
List the prime factors of 10277.
43, 239
What are the prime factors of 57132?
2, 3, 23
What are the prime factors of 4327?
4327
List the prime factors of 1084.
2, 271
List the prime factors of 170.
2, 5, 17
What are the prime factors of 9257?
9257
List the p